ided by 108?
99
What is the remainder when 423804 is divided by 448?
444
What is the remainder when 38216 is divided by 28?
24
Calculate the remainder when 5866 is divided by 182.
42
What is the remainder when 7868 is divided by 45?
38
Calculate the remainder when 7918 is divided by 771.
208
Calculate the remainder when 37154 is divided by 18558.
38
Calculate the remainder when 4154 is divided by 347.
337
Calculate the remainder when 516285 is divided by 58.
27
What is the remainder when 5385 is divided by 5348?
37
What is the remainder when 183833 is divided by 322?
293
What is the remainder when 2096 is divided by 54?
44
Calculate the remainder when 100066 is divided by 394.
384
Calculate the remainder when 5222 is divided by 6.
2
Calculate the remainder when 740018 is divided by 216.
2
What is the remainder when 47386 is divided by 23692?
2
Calculate the remainder when 4100 is divided by 534.
362
Calculate the remainder when 14708 is divided by 2939.
13
Calculate the remainder when 428110 is divided by 36.
34
Calculate the remainder when 723 is divided by 39.
21
What is the remainder when 3306 is divided by 144?
138
What is the remainder when 104555 is divided by 13?
9
Calculate the remainder when 8956 is divided by 55.
46
What is the remainder when 17818 is divided by 22?
20
Calculate the remainder when 21556 is divided by 957.
502
What is the remainder when 881969 is divided by 190?
179
Calculate the remainder when 83906 is divided by 9.
8
What is the remainder when 20701 is divided by 10347?
7
What is the remainder when 73900 is divided by 1087?
1071
What is the remainder when 3107191 is divided by 463?
461
What is the remainder when 100990 is divided by 33660?
10
Calculate the remainder when 919 is divided by 54.
1
Calculate the remainder when 367185 is divided by 10.
5
Calculate the remainder when 28127 is divided by 58.
55
What is the remainder when 6855 is divided by 7?
2
What is the remainder when 9346 is divided by 164?
162
What is the remainder when 653438 is divided by 10?
8
What is the remainder when 28456 is divided by 917?
29
What is the remainder when 20282 is divided by 66?
20
What is the remainder when 20007 is divided by 290?
287
Calculate the remainder when 3131999 is divided by 400.
399
What is the remainder when 3010 is divided by 753?
751
Calculate the remainder when 26670 is divided by 70.
0
Calculate the remainder when 635 is divided by 138.
83
What is the remainder when 2282 is divided by 2165?
117
What is the remainder when 121988 is divided by 21?
20
What is the remainder when 28578 is divided by 4068?
102
Calculate the remainder when 16710 is divided by 234.
96
Calculate the remainder when 1681 is divided by 856.
825
Calculate the remainder when 541 is divided by 491.
50
What is the remainder when 96344 is divided by 4587?
17
Calculate the remainder when 4528 is divided by 289.
193
Calculate the remainder when 365052 is divided by 64.
60
What is the remainder when 5018 is divided by 104?
26
Calculate the remainder when 232575 is divided by 32.
31
What is the remainder when 59769 is divided by 25?
19
Calculate the remainder when 545 is divided by 84.
41
What is the remainder when 2426 is divided by 35?
11
What is the remainder when 15028 is divided by 1653?
151
Calculate the remainder when 29245 is divided by 162.
85
Calculate the remainder when 19569 is divided by 631.
8
Calculate the remainder when 1970 is divided by 330.
320
What is the remainder when 235356 is divided by 355?
346
What is the remainder when 643264 is divided by 2123?
2118
Calculate the remainder when 18051 is divided by 47.
3
What is the remainder when 7575 is divided by 244?
11
Calculate the remainder when 19215 is divided by 2.
1
What is the remainder when 11774 is divided by 3923?
5
What is the remainder when 2070 is divided by 793?
484
Calculate the remainder when 66002 is divided by 1500.
2
What is the remainder when 4151 is divided by 41?
10
Calculate the remainder when 869528 is divided by 434762.
4
Calculate the remainder when 460392 is divided by 85.
32
What is the remainder when 2141 is divided by 704?
29
Calculate the remainder when 126701 is divided by 856.
13
Calculate the remainder when 794 is divided by 386.
22
What is the remainder when 1942596 is divided by 8?
4
Calculate the remainder when 4958 is divided by 47.
23
What is the remainder when 317 is divided by 100?
17
Calculate the remainder when 20461 is divided by 156.
25
What is the remainder when 2532 is divided by 236?
172
Calculate the remainder when 2346 is divided by 515.
286
Calculate the remainder when 314438 is divided by 27.
23
Calculate the remainder when 5426 is divided by 38.
30
What is the remainder when 159389 is divided by 3007?
18
Calculate the remainder when 195 is divided by 164.
31
What is the remainder when 30821 is divided by 24?
5
What is the remainder when 402243 is divided by 908?
907
Calculate the remainder when 2853183 is divided by 409.
408
What is the remainder when 20601 is divided by 1322?
771
Calculate the remainder when 962 is divided by 119.
10
What is the remainder when 63949 is divided by 1181?
175
Calculate the remainder when 262836 is divided by 135.
126
Calculate the remainder when 48258 is divided by 101.
81
What is the remainder when 77737 is divided by 17?
13
What is the remainder when 2708 is divided by 672?
20
Calculate the remainder when 19402 is divided by 95.
22
Calculate the remainder when 21876 is divided by 2429.
15
Calculate the remainder when 20177 is divided by 17.
15
Calculate the remainder when 4195 is divided by 55.
15
Calculate the remainder when 6215 is divided by 75.
65
What is the remainder when 274241 is divided by 17?
14
Calculate the remainder when 40781 is divided by 96.
77
What is the remainder when 49410 is divided by 1374?
1320
Calculate the remainder when 253766 is divided by 410.
386
What is the remainder when 7188 is divided by 2079?
951
What is the remainder when 3729 is divided by 745?
4
Calculate the remainder when 4008040 is divided by 1367.
1363
What is the remainder when 96516 is divided by 10711?
117
What is the remainder when 2653 is divided by 39?
1
What is the remainder when 1124836 is divided by 2159?
2156
What is the remainder when 1675 is divided by 417?
7
Calculate the remainder when 28550 is divided by 21.
11
Calculate the remainder when 25081 is divided by 5004.
61
What is the remainder when 118527 is divided by 19752?
15
Calculate the remainder when 90790 is divided by 234.
232
Calculate the remainder when 29372 is divided by 483.
392
Calculate the remainder when 14339 is divided by 3.
2
Calculate the remainder when 495 is divided by 164.
3
Calculate the remainder when 14370 is divided by 125.
120
What is the remainder when 1372511 is divided by 1632?
1631
What is the remainder when 18288 is divided by 17?
13
What is the remainder when 764933 is divided by 69?
68
What is the remainder when 568008 is divided by 673?
669
Calculate the remainder when 2101 is divided by 356.
321
What is the remainder when 62117 is divided by 238?
237
Calculate the remainder when 165725 is divided by 682.
681
Calculate the remainder when 24901 is divided by 124.
101
Calculate the remainder when 80326 is divided by 277.
273
Calculate the remainder when 2916 is divided by 2892.
24
Calculate the remainder when 867156 is divided by 40.
36
What is the remainder when 37575 is divided by 232?
223
What is the remainder when 126878 is divided by 133?
129
Calculate the remainder when 361984 is divided by 27.
22
Calculate the remainder when 1835 is divided by 364.
15
What is the remainder when 362095 is divided by 122?
121
Calculate the remainder when 148620 is divided by 652.
616
What is the remainder when 48123 is divided by 48076?
47
What is the remainder when 3136 is divided by 1062?
1012
What is the remainder when 28209 is divided by 6?
3
Calculate the remainder when 26517 is divided by 6.
3
What is the remainder when 12953 is divided by 77?
17
Calculate the remainder when 53992 is divided by 10.
2
Calculate the remainder when 91730 is divided by 2548.
2
What is the remainder when 64085 is divided by 33?
32
What is the remainder when 1796 is divided by 272?
164
What is the remainder when 9838 is divided by 1286?
